{"id":18,"date":"2012-09-25T00:29:49","date_gmt":"2012-09-25T00:29:49","guid":{"rendered":"http:\/\/jailu.mllambert.com\/?page_id=18"},"modified":"2012-09-25T00:29:49","modified_gmt":"2012-09-25T00:29:49","slug":"a-propos","status":"publish","type":"page","link":"https:\/\/biblioclo.com\/index.php\/a-propos\/","title":{"rendered":"A Propos"},"content":{"rendered":"<h1 style=\"text-align: justify;\" dir=\"ltr\">A PROPOS DE CE BLOG<\/h1>\n<p style=\"text-align: justify;\" dir=\"ltr\">Sur ce blog vous trouverez divers articles se rattachant \u00e0 l&rsquo;univers de la lecture. Il s&rsquo;agit surtout de comptes-rendus et de commentaires, mais aussi de citations, d&rsquo;articles portant sur les auteurs, les m\u00e9thodes litt\u00e9raires, des opinions, et peut-\u00eatre aussi de courtes histoires amateurs. Normalement le blog devrait voir un nouvel article par semaine.<\/p>\n<p style=\"text-align: justify;\" dir=\"ltr\">Ce blog se veut ouvert d&rsquo;esprit et respectueux des auteurs et de leurs travaux. Il est aussi ouvert \u00e0 d&rsquo;\u00e9ventuelle collaboration.<\/p>\n<p style=\"text-align: justify;\" dir=\"ltr\">N&rsquo;h\u00e9sitez pas \u00e0 laisser vos commentaires si le coeur vous en dit!<\/p>\n<h1 style=\"text-align: justify;\">A PROPOS DE MLLAMBERT<\/h1>\n<p style=\"text-align: justify;\" dir=\"ltr\">Je travail dans le domaine de l&rsquo;informatique depuis quelques ann\u00e9es. J&rsquo;ai d\u00e9cid\u00e9 de faire ce blog en grande partie pour me familiariser avec WordPress et pour<em> travailler ma plume<\/em>. Mon but est aussi bien s\u00fbr de laisser une trace de mes lectures, et de pouvoir les partager avec le monde.<\/p>\n<p style=\"text-align: justify;\" dir=\"ltr\">Je lis toute sorte de livre, je suis tr\u00e8s fier de la richesse de mes biblioth\u00e8ques papiers et num\u00e9riques. J&rsquo;esp\u00e8re pouvoir apporter cette m\u00eame richesse \u00e0 ce blog.<\/p>\n<p style=\"text-align: justify;\">Je mentionne au passage que j&rsquo;entretiens un autre blog plus trash sur lequel je publie des articles dans l&rsquo;esprit de l&rsquo;ESRA de B. Werber: <a title=\"csra.mllambert.com\" href=\"http:\/\/csra.mllambert.com\" target=\"_blank\" rel=\"noopener\">csra.mllambert.com<\/a><\/p>\n<p style=\"text-align: justify;\" dir=\"ltr\">Je vous souhaite une bonne visite, et si vous \u00eates \u00e9galement blogueur, n&rsquo;h\u00e9sitez pas \u00e0 laisser votre adresse.<\/p>\n<h1 style=\"text-align: justify;\">A PROPOS DE JAILU<\/h1>\n<p style=\"text-align: justify;\">Je suis un passionn\u00e9 de lecture, et \u00e0 ce titre, vous verrez sans doute souvent mon nom sur ce site. J\u2019aime tous les styles, sauf peut-\u00eatre l\u2019eau de rose, le genre de lecture qu\u2019on doit *vivre* avec quelques bo\u00eetes de papier mouchoirs sur les genoux\u2026et m\u00eame encore\u2026je m\u2019y risque \u00e0 l\u2019occasion. Je le prends comme un d\u00e9fi et il arrive que j\u2019y trouve mon compte.<\/p>\n<p style=\"text-align: justify;\">J\u2019approche de mes 60 ans et qu\u2019\u00e0 cela ne tienne, je reviens souvent sur la litt\u00e9rature pour adolescent. J\u2019y fais des d\u00e9couvertes parfois extraordinaires.<\/p>\n<p style=\"text-align: justify;\">Je ne me limite pas aux nouveaut\u00e9s et aux best-sellers. Le c\u0153ur de ma passion est de faire des d\u00e9couvertes d\u2019\u0153uvres qui m\u2019ont \u00e9chapp\u00e9 avec le temps.<\/p>\n<p style=\"text-align: justify;\">Quand je lirai un livre qui me procurera cette petite chaleur particuli\u00e8re, ou ce frisson dans le dos, ou cette bienfaisante satisfaction de l\u2019esprit, ce sera simplement le signal pour moi de partager avec vous ma d\u00e9couverte en toute franchise et simplicit\u00e9.<\/p>\n<p style=\"text-align: justify;\">Je vous dis donc \u00e0 tr\u00e8s bient\u00f4t\u2026<\/p>\n<div style=\"text-align: justify;\"><\/div>\n","protected":false},"excerpt":{"rendered":"<p>A PROPOS DE CE BLOG Sur ce blog vous trouverez divers articles se rattachant \u00e0 l&rsquo;univers de la lecture. Il s&rsquo;agit surtout de comptes-rendus et de commentaires, mais aussi de citations, d&rsquo;articles portant sur les auteurs, les m\u00e9thodes litt\u00e9raires, des &hellip; <a href=\"https:\/\/biblioclo.com\/index.php\/a-propos\/\">Continuer la lecture <span class=\"meta-nav\"> \u00bb<\/span><\/a><\/p>\n<div class='heateorSssClear'><\/div><div style=\"float:right\" class='heateor_sss_sharing_container heateor_sss_horizontal_sharing' data-heateor-sss-href='https:\/\/biblioclo.com\/index.php\/a-propos\/'><div class='heateor_sss_sharing_title' style=\"font-weight:bold\" ><\/div><div class=\"heateor_sss_sharing_ul\"><a style=\"padding:7.35px 0 !important\" class=\"heateor_sss_facebook_share\"><div class=\"fb-share-button\" data-href=\"https:\/\/biblioclo.com\/index.php\/a-propos\/\" data-layout=\"button\"><\/div><\/a><\/div><div class=\"heateorSssClear\"><\/div><\/div><div class='heateorSssClear'><\/div>","protected":false},"author":2,"featured_media":0,"parent":0,"menu_order":0,"comment_status":"open","ping_status":"open","template":"","meta":{"footnotes":""},"class_list":["post-18","page","type-page","status-publish","hentry"],"_links":{"self":[{"href":"https:\/\/biblioclo.com\/index.php\/wp-json\/wp\/v2\/pages\/18","targetHints":{"allow":["GET"]}}],"collection":[{"href":"https:\/\/biblioclo.com\/index.php\/wp-json\/wp\/v2\/pages"}],"about":[{"href":"https:\/\/biblioclo.com\/index.php\/wp-json\/wp\/v2\/types\/page"}],"author":[{"embeddable":true,"href":"https:\/\/biblioclo.com\/index.php\/wp-json\/wp\/v2\/users\/2"}],"replies":[{"embeddable":true,"href":"https:\/\/biblioclo.com\/index.php\/wp-json\/wp\/v2\/comments?post=18"}],"version-history":[{"count":0,"href":"https:\/\/biblioclo.com\/index.php\/wp-json\/wp\/v2\/pages\/18\/revisions"}],"wp:attachment":[{"href":"https:\/\/biblioclo.com\/index.php\/wp-json\/wp\/v2\/media?parent=18"}],"curies":[{"name":"wp","href":"https:\/\/api.w.org\/{rel}","templated":true}]}}